
What is the remainder when 3256 is divided by 193?
168
Calculate the remainder when 5090 is divided by 1645.
155
What is the remainder when 10450 is divided by 40?
10
What is the remainder when 445151 is divided by 165?
146
What is the remainder when 7725 is divided by 3667?
391
Calculate the remainder when 28768 is divided by 7185.
28
Calculate the remainder when 2815 is divided by 463.
37
What is the remainder when 6867 is divided by 191?
182
Calculate the remainder when 5704 is divided by 2837.
30
Calculate the remainder when 10933 is divided by 10928.
5
What is the remainder when 34411 is divided by 439?
169
What is the remainder when 19781 is divided by 6556?
113
Calculate the remainder when 550741 is divided by 78676.
9
What is the remainder when 19479 is divided by 274?
25
What is the remainder when 1168706 is divided by 157?
155
Calculate the remainder when 10718 is divided by 1071.
8
What is the remainder when 50288 is divided by 1325?
1263
Calculate the remainder when 9064 is divided by 313.
300
Calculate the remainder when 12266 is divided by 826.
702
What is the remainder when 234108 is divided by 799?
1
What is the remainder when 103061 is divided by 362?
253
Calculate the remainder when 19435 is divided by 7.
3
Calculate the remainder when 1373 is divided by 41.
20
Calculate the remainder when 12149 is divided by 85.
79
What is the remainder when 8599 is divided by 28?
3
What is the remainder when 546 is divided by 110?
106
What is the remainder when 31350 is divided by 21?
18
What is the remainder when 173513 is divided by 89?
52
What is the remainder when 1194 is divided by 102?
72
What is the remainder when 4052 is divided by 412?
344
Calculate the remainder when 252173 is divided by 687.
44
Calculate the remainder when 11081 is divided by 154.
147
Calculate the remainder when 228 is divided by 105.
18
Calculate the remainder when 17159 is divided by 694.
503
What is the remainder when 51513 is divided by 25719?
75
What is the remainder when 63755 is divided by 21230?
65
What is the remainder when 41552 is divided by 344?
272
What is the remainder when 53977 is divided by 44?
33
What is the remainder when 16282 is divided by 27?
1
Calculate the remainder when 55566 is divided by 6.
0
What is the remainder when 1412 is divided by 311?
168
Calculate the remainder when 29083 is divided by 9688.
19
Calculate the remainder when 74321 is divided by 228.
221
What is the remainder when 133533 is divided by 52?
49
Calculate the remainder when 2763749 is divided by 1250.
1249
What is the remainder when 2626 is divided by 756?
358
Calculate the remainder when 1064531 is divided by 84.
83
Calculate the remainder when 506 is divided by 138.
92
What is the remainder when 56433 is divided by 4?
1
What is the remainder when 65229 is divided by 32597?
35
What is the remainder when 49735 is divided by 250?
235
What is the remainder when 18625 is divided by 139?
138
What is the remainder when 22685 is divided by 7557?
14
Calculate the remainder when 4584 is divided by 1162.
1098
What is the remainder when 1749571 is divided by 583188?
7
What is the remainder when 720 is divided by 2?
0
Calculate the remainder when 21002 is divided by 3495.
32
Calculate the remainder when 1445 is divided by 45.
5
Calculate the remainder when 34465 is divided by 34302.
163
What is the remainder when 70588 is divided by 23527?
7
What is the remainder when 5786 is divided by 725?
711
Calculate the remainder when 39879 is divided by 165.
114
What is the remainder when 74554 is divided by 275?
29
Calculate the remainder when 85062 is divided by 98.
96
Calculate the remainder when 601618 is divided by 15.
13
What is the remainder when 129629 is divided by 32?
29
Calculate the remainder when 5249 is divided by 119.
13
What is the remainder when 112 is divided by 3?
1
Calculate the remainder when 3154 is divided by 786.
10
Calculate the remainder when 3411 is divided by 301.
100
Calculate the remainder when 20694 is divided by 4115.
119
What is the remainder when 417364 is divided by 531?
529
Calculate the remainder when 66790 is divided by 16682.
62
What is the remainder when 889 is divided by 293?
10
What is the remainder when 130295 is divided by 39?
35
Calculate the remainder when 1312 is divided by 152.
96
Calculate the remainder when 4406 is divided by 18.
14
What is the remainder when 246012 is divided by 612?
600
Calculate the remainder when 72800 is divided by 398.
364
What is the remainder when 26726 is divided by 1740?
626
What is the remainder when 1118 is divided by 1005?
113
Calculate the remainder when 43956 is divided by 453.
15
What is the remainder when 4132 is divided by 306?
154
Calculate the remainder when 6851 is divided by 858.
845
Calculate the remainder when 826636 is divided by 269.
268
What is the remainder when 34151 is divided by 427?
418
Calculate the remainder when 549119 is divided by 390.
389
What is the remainder when 1711 is divided by 101?
95
Calculate the remainder when 1043 is divided by 518.
7
What is the remainder when 56667 is divided by 1012?
1007
Calculate the remainder when 1548596 is divided by 300.
296
What is the remainder when 36383 is divided by 6051?
77
Calculate the remainder when 48340 is divided by 293.
288
What is the remainder when 482781 is divided by 564?
561
What is the remainder when 12899 is divided by 127?
72
What is the remainder when 108534 is divided by 35?
34
What is the remainder when 134335 is divided by 266?
5
Calculate the remainder when 471312 is divided by 372.
360
Calculate the remainder when 255982 is divided by 97.
96
What is the remainder when 1891 is divided by 1879?
12
What is the remainder when 1175577 is divided by 108?
105
What is the remainder when 2661 is divided by 133?
1
What is the remainder when 42191 is divided by 649?
6
Calculate the remainder when 28806 is divided by 33.
30
Calculate the remainder when 104381 is divided by 64.
61
Calculate the remainder when 12966 is divided by 1437.
33
What is the remainder when 134762 is divided by 37?
8
What is the remainder when 780558 is divided by 20?
18
What is the remainder when 13699 is divided by 2736?
19
Calculate the remainder when 37605 is divided by 311.
285
What is the remainder when 3327 is divided by 19?
2
Calculate the remainder when 18949 is divided by 94.
55
What is the remainder when 75739 is divided by 126?
13
What is the remainder when 59725 is divided by 2488?
13
What is the remainder when 60906 is divided by 207?
48
Calculate the remainder when 1907 is divided by 12.
11
What is the remainder when 7356 is divided by 2413?
117
Calculate the remainder when 58739 is divided by 391.
89
What is the remainder when 60443 is divided by 30221?
1
Calculate the remainder when 19464 is divided by 5.
4
Calculate the remainder when 24772 is divided by 700.
272
What is the remainder when 38849 is divided by 4854?
17
Calculate the remainder when 202532 is divided by 2355.
2
Calculate the remainder when 103050 is divided by 238.
234
What is the remainder when 79281 is divided by 157?
153
Calculate the remainder when 64650 is divided by 21.
12
Calculate the remainder when 2457 is divided by 1055.
347
Calculate the remainder when 31366 is divided by 302.
260
What is the remainder when 974286 is divided by 21?
12
Calculate the remainder when 9594 is divided by 112.
74
What is the remainder when 52095 is divided by 20?
15
Calculate the remainder when 36646 is divided by 18181.
284
What is the remainder when 27540 is divided by 106?
86
What is the remainder when 52360 is divided by 906?
718
Calculate the remainder when 12833 is divided by 220.
73
Calculate the remainder when 3819 is divided by 544.
11
What is the remainder when 19295 is divided by 67?
66
Calculate the remainder when 2440 is divided by 2438.
2
What is the remainder when 272114 is divided by 90703?
5
What is the remainder when 1550659 is divided by 36?
31
Calculate the remainder when 129203 is divided by 444.
443
What is the remainder when 320396 is divided by 180?
176
Calculate the remainder when 9863 is divided by 589.
439
What is the remainder when 64454 is divided by 13?
0
Calculate the remainder when 170763 is divided by 913.
32
Calculate the remainder when 187225 is divid